{"id":4919,"date":"2025-04-16T15:47:29","date_gmt":"2025-04-16T13:47:29","guid":{"rendered":"https:\/\/www.aliaslenz.net\/news\/?page_id=4919"},"modified":"2025-04-17T13:56:34","modified_gmt":"2025-04-17T11:56:34","slug":"section-cyclisme-faucogney","status":"publish","type":"page","link":"https:\/\/www.aliaslenz.net\/news\/?page_id=4919","title":{"rendered":"Section Cyclisme Faucogney"},"content":{"rendered":"\n<p>En 2021, Rudy Cara m&#8217;a introduit \u00e0 la section cyclisme du coll\u00e8ge de Faucogney, qu&#8217;il avait initi\u00e9 en 2015. Cette ann\u00e9e est d\u00e9j\u00e0 ma derni\u00e8re de coll\u00e8ge. Ayant convaincu ma famille \u00e0 d\u00e9m\u00e9nager de Londres \u00e0 Faucogney, je suis \u00e0 la fois le cycliste qui vient du plus loin et qui habite le plus proche. Gr\u00e2ce \u00e0 la formation de la section et du coll\u00e8ge, je suis pr\u00eat a poursuivre mon parcours sportif et scolaire en France.<\/p>\n\n\n\n<p>Le coll\u00e8ge Duplessis-Deville de Faucogney accueille des jeunes cyclistes de la r\u00e9gion, et de plus loin, \u00e0 la section sportive cyclisme.<\/p>\n\n\n\n<p>Les entra\u00eenements ont lieu sur les routes tranquilles autour du coll\u00e8ge, au c\u0153ur du Plateau des Mille \u00c9tangs, dans le Parc Naturel R\u00e9gional des Ballons des Vosges. <br><a href=\"https:\/\/www.faucogney.info\/ou-se-trouve-faucogney\/\">https:\/\/www.faucogney.info\/ou-se-trouve-faucogney\/<\/a><\/p>\n\n\n\n<p>Les cyclistes de la section sortent 2-3 fois par semaine, accompagn\u00e9s par des professeurs du coll\u00e8ge, des entra\u00eeneurs qualifi\u00e9s et des b\u00e9n\u00e9voles de la section, regroup\u00e9s par comp\u00e9tences.<\/p>\n\n\n\n<p>La section fait 1-2 stages par an, dans la r\u00e9gion des Hautes Vosges et\/ou \u00e0 l\u2019\u00e9tranger.<\/p>\n\n\n\n<p>Un nouvel internat est en construction adjacent au coll\u00e8ge \u00e0 Faucogney, pour accueillir des \u00e9l\u00e8ves internes \u00e0 partir de la rentr\u00e9e 2025.<\/p>\n\n\n\n<p>Pour vous renseigner plus, contactez Bertrand Oudot (principal) +33 3 84 49 32 67, ou David Collilieux +33 6 29 32 94 01 <a href=\"mailto:vie.scolaire.faucogney@laposte.net\">vie.scolaire.faucogney@laposte.net<\/a><\/p>\n\n\n\n<figure class=\"wp-block-gallery has-nested-images columns-default is-cropped wp-block-gallery-1 is-layout-flex wp-block-gallery-is-layout-flex\">\n<figure class=\"wp-block-image size-large\"><a href=\"https:\/\/www.aliaslenz.net\/news\/wp-content\/uploads\/2024\/06\/2024-06-19-15.08.27_IMG_9945.jpg\" target=\"_blank\"><img loading=\"lazy\" decoding=\"async\" width=\"1024\" height=\"768\" data-id=\"4212\" src=\"https:\/\/www.aliaslenz.net\/news\/wp-content\/uploads\/2024\/06\/2024-06-19-15.08.27_IMG_9945-1024x768.jpg\" alt=\"\" class=\"wp-image-4212\" srcset=\"https:\/\/www.aliaslenz.net\/news\/wp-content\/uploads\/2024\/06\/2024-06-19-15.08.27_IMG_9945-1024x768.jpg 1024w, https:\/\/www.aliaslenz.net\/news\/wp-content\/uploads\/2024\/06\/2024-06-19-15.08.27_IMG_9945-300x225.jpg 300w, https:\/\/www.aliaslenz.net\/news\/wp-content\/uploads\/2024\/06\/2024-06-19-15.08.27_IMG_9945-768x576.jpg 768w, https:\/\/www.aliaslenz.net\/news\/wp-content\/uploads\/2024\/06\/2024-06-19-15.08.27_IMG_9945-1536x1152.jpg 1536w, https:\/\/www.aliaslenz.net\/news\/wp-content\/uploads\/2024\/06\/2024-06-19-15.08.27_IMG_9945-2048x1536.jpg 2048w, https:\/\/www.aliaslenz.net\/news\/wp-content\/uploads\/2024\/06\/2024-06-19-15.08.27_IMG_9945-940x705.jpg 940w, https:\/\/www.aliaslenz.net\/news\/wp-content\/uploads\/2024\/06\/2024-06-19-15.08.27_IMG_9945-400x300.jpg 400w\" sizes=\"auto, (max-width: 1024px) 100vw, 1024px\" \/><\/a><\/figure>\n\n\n\n<figure class=\"wp-block-image size-large\"><a href=\"https:\/\/www.aliaslenz.net\/news\/wp-content\/uploads\/2023\/05\/IMG_8986.jpg\" target=\"_blank\"><img loading=\"lazy\" decoding=\"async\" width=\"1024\" height=\"768\" data-id=\"2928\" src=\"https:\/\/www.aliaslenz.net\/news\/wp-content\/uploads\/2023\/05\/IMG_8986-1024x768.jpg\" alt=\"\" class=\"wp-image-2928\" srcset=\"https:\/\/www.aliaslenz.net\/news\/wp-content\/uploads\/2023\/05\/IMG_8986-1024x768.jpg 1024w, https:\/\/www.aliaslenz.net\/news\/wp-content\/uploads\/2023\/05\/IMG_8986-300x225.jpg 300w, https:\/\/www.aliaslenz.net\/news\/wp-content\/uploads\/2023\/05\/IMG_8986-768x576.jpg 768w, https:\/\/www.aliaslenz.net\/news\/wp-content\/uploads\/2023\/05\/IMG_8986-1536x1152.jpg 1536w, https:\/\/www.aliaslenz.net\/news\/wp-content\/uploads\/2023\/05\/IMG_8986-2048x1536.jpg 2048w, https:\/\/www.aliaslenz.net\/news\/wp-content\/uploads\/2023\/05\/IMG_8986-940x705.jpg 940w, https:\/\/www.aliaslenz.net\/news\/wp-content\/uploads\/2023\/05\/IMG_8986-400x300.jpg 400w\" sizes=\"auto, (max-width: 1024px) 100vw, 1024px\" \/><\/a><\/figure>\n\n\n\n<figure class=\"wp-block-image size-large\"><a href=\"https:\/\/www.aliaslenz.net\/news\/wp-content\/uploads\/2023\/04\/2023-04-05-13.28.07_IMG_2054.jpg\" target=\"_blank\"><img loading=\"lazy\" decoding=\"async\" width=\"1024\" height=\"768\" data-id=\"2775\" src=\"https:\/\/www.aliaslenz.net\/news\/wp-content\/uploads\/2023\/04\/2023-04-05-13.28.07_IMG_2054-1024x768.jpg\" alt=\"\" class=\"wp-image-2775\" srcset=\"https:\/\/www.aliaslenz.net\/news\/wp-content\/uploads\/2023\/04\/2023-04-05-13.28.07_IMG_2054-1024x768.jpg 1024w, https:\/\/www.aliaslenz.net\/news\/wp-content\/uploads\/2023\/04\/2023-04-05-13.28.07_IMG_2054-300x225.jpg 300w, https:\/\/www.aliaslenz.net\/news\/wp-content\/uploads\/2023\/04\/2023-04-05-13.28.07_IMG_2054-768x576.jpg 768w, https:\/\/www.aliaslenz.net\/news\/wp-content\/uploads\/2023\/04\/2023-04-05-13.28.07_IMG_2054-1536x1152.jpg 1536w, https:\/\/www.aliaslenz.net\/news\/wp-content\/uploads\/2023\/04\/2023-04-05-13.28.07_IMG_2054-2048x1536.jpg 2048w, https:\/\/www.aliaslenz.net\/news\/wp-content\/uploads\/2023\/04\/2023-04-05-13.28.07_IMG_2054-940x705.jpg 940w, https:\/\/www.aliaslenz.net\/news\/wp-content\/uploads\/2023\/04\/2023-04-05-13.28.07_IMG_2054-400x300.jpg 400w\" sizes=\"auto, (max-width: 1024px) 100vw, 1024px\" \/><\/a><\/figure>\n\n\n\n<figure class=\"wp-block-image size-large\"><a href=\"https:\/\/www.aliaslenz.net\/news\/wp-content\/uploads\/2023\/09\/IMG_5077.jpg\" target=\"_blank\"><img loading=\"lazy\" decoding=\"async\" width=\"1024\" height=\"768\" data-id=\"3264\" src=\"https:\/\/www.aliaslenz.net\/news\/wp-content\/uploads\/2023\/09\/IMG_5077-1024x768.jpg\" alt=\"\" class=\"wp-image-3264\" srcset=\"https:\/\/www.aliaslenz.net\/news\/wp-content\/uploads\/2023\/09\/IMG_5077-1024x768.jpg 1024w, https:\/\/www.aliaslenz.net\/news\/wp-content\/uploads\/2023\/09\/IMG_5077-300x225.jpg 300w, https:\/\/www.aliaslenz.net\/news\/wp-content\/uploads\/2023\/09\/IMG_5077-768x576.jpg 768w, https:\/\/www.aliaslenz.net\/news\/wp-content\/uploads\/2023\/09\/IMG_5077-1536x1152.jpg 1536w, https:\/\/www.aliaslenz.net\/news\/wp-content\/uploads\/2023\/09\/IMG_5077-2048x1536.jpg 2048w, https:\/\/www.aliaslenz.net\/news\/wp-content\/uploads\/2023\/09\/IMG_5077-940x705.jpg 940w, https:\/\/www.aliaslenz.net\/news\/wp-content\/uploads\/2023\/09\/IMG_5077-400x300.jpg 400w\" sizes=\"auto, (max-width: 1024px) 100vw, 1024px\" \/><\/a><\/figure>\n\n\n\n<figure class=\"wp-block-image size-large\"><a href=\"https:\/\/www.aliaslenz.net\/news\/wp-content\/uploads\/2023\/04\/2023-04-05-13.05.05_IMG_2035.jpg\" target=\"_blank\"><img loading=\"lazy\" decoding=\"async\" width=\"1024\" height=\"768\" data-id=\"2773\" src=\"https:\/\/www.aliaslenz.net\/news\/wp-content\/uploads\/2023\/04\/2023-04-05-13.05.05_IMG_2035-1024x768.jpg\" alt=\"\" class=\"wp-image-2773\" srcset=\"https:\/\/www.aliaslenz.net\/news\/wp-content\/uploads\/2023\/04\/2023-04-05-13.05.05_IMG_2035-1024x768.jpg 1024w, https:\/\/www.aliaslenz.net\/news\/wp-content\/uploads\/2023\/04\/2023-04-05-13.05.05_IMG_2035-300x225.jpg 300w, https:\/\/www.aliaslenz.net\/news\/wp-content\/uploads\/2023\/04\/2023-04-05-13.05.05_IMG_2035-768x576.jpg 768w, https:\/\/www.aliaslenz.net\/news\/wp-content\/uploads\/2023\/04\/2023-04-05-13.05.05_IMG_2035-1536x1152.jpg 1536w, https:\/\/www.aliaslenz.net\/news\/wp-content\/uploads\/2023\/04\/2023-04-05-13.05.05_IMG_2035-2048x1536.jpg 2048w, https:\/\/www.aliaslenz.net\/news\/wp-content\/uploads\/2023\/04\/2023-04-05-13.05.05_IMG_2035-940x705.jpg 940w, https:\/\/www.aliaslenz.net\/news\/wp-content\/uploads\/2023\/04\/2023-04-05-13.05.05_IMG_2035-400x300.jpg 400w\" sizes=\"auto, (max-width: 1024px) 100vw, 1024px\" \/><\/a><\/figure>\n\n\n\n<figure class=\"wp-block-image size-large\"><a href=\"https:\/\/www.aliaslenz.net\/news\/wp-content\/uploads\/2024\/06\/2024-06-19-11.45.50_IMG_9888.jpg\" target=\"_blank\"><img loading=\"lazy\" decoding=\"async\" width=\"1024\" height=\"768\" data-id=\"4206\" src=\"https:\/\/www.aliaslenz.net\/news\/wp-content\/uploads\/2024\/06\/2024-06-19-11.45.50_IMG_9888-1024x768.jpg\" alt=\"\" class=\"wp-image-4206\" srcset=\"https:\/\/www.aliaslenz.net\/news\/wp-content\/uploads\/2024\/06\/2024-06-19-11.45.50_IMG_9888-1024x768.jpg 1024w, https:\/\/www.aliaslenz.net\/news\/wp-content\/uploads\/2024\/06\/2024-06-19-11.45.50_IMG_9888-300x225.jpg 300w, https:\/\/www.aliaslenz.net\/news\/wp-content\/uploads\/2024\/06\/2024-06-19-11.45.50_IMG_9888-768x576.jpg 768w, https:\/\/www.aliaslenz.net\/news\/wp-content\/uploads\/2024\/06\/2024-06-19-11.45.50_IMG_9888-1536x1152.jpg 1536w, https:\/\/www.aliaslenz.net\/news\/wp-content\/uploads\/2024\/06\/2024-06-19-11.45.50_IMG_9888-2048x1536.jpg 2048w, https:\/\/www.aliaslenz.net\/news\/wp-content\/uploads\/2024\/06\/2024-06-19-11.45.50_IMG_9888-940x705.jpg 940w, https:\/\/www.aliaslenz.net\/news\/wp-content\/uploads\/2024\/06\/2024-06-19-11.45.50_IMG_9888-400x300.jpg 400w\" sizes=\"auto, (max-width: 1024px) 100vw, 1024px\" \/><\/a><\/figure>\n\n\n\n<figure class=\"wp-block-image size-large\"><a href=\"https:\/\/www.aliaslenz.net\/news\/wp-content\/uploads\/2023\/04\/2023-03-28-10.28.56_IMG_1967.jpg\" target=\"_blank\"><img loading=\"lazy\" decoding=\"async\" width=\"1024\" height=\"768\" data-id=\"2779\" src=\"https:\/\/www.aliaslenz.net\/news\/wp-content\/uploads\/2023\/04\/2023-03-28-10.28.56_IMG_1967-1024x768.jpg\" alt=\"\" class=\"wp-image-2779\" srcset=\"https:\/\/www.aliaslenz.net\/news\/wp-content\/uploads\/2023\/04\/2023-03-28-10.28.56_IMG_1967-1024x768.jpg 1024w, https:\/\/www.aliaslenz.net\/news\/wp-content\/uploads\/2023\/04\/2023-03-28-10.28.56_IMG_1967-300x225.jpg 300w, https:\/\/www.aliaslenz.net\/news\/wp-content\/uploads\/2023\/04\/2023-03-28-10.28.56_IMG_1967-768x576.jpg 768w, https:\/\/www.aliaslenz.net\/news\/wp-content\/uploads\/2023\/04\/2023-03-28-10.28.56_IMG_1967-1536x1152.jpg 1536w, https:\/\/www.aliaslenz.net\/news\/wp-content\/uploads\/2023\/04\/2023-03-28-10.28.56_IMG_1967-2048x1536.jpg 2048w, https:\/\/www.aliaslenz.net\/news\/wp-content\/uploads\/2023\/04\/2023-03-28-10.28.56_IMG_1967-940x705.jpg 940w, https:\/\/www.aliaslenz.net\/news\/wp-content\/uploads\/2023\/04\/2023-03-28-10.28.56_IMG_1967-400x300.jpg 400w\" sizes=\"auto, (max-width: 1024px) 100vw, 1024px\" \/><\/a><\/figure>\n\n\n\n<figure class=\"wp-block-image size-large\"><a href=\"https:\/\/www.aliaslenz.net\/news\/wp-content\/uploads\/2024\/06\/2024-06-19-15.08.38_IMG_9951.jpg\" target=\"_blank\"><img loading=\"lazy\" decoding=\"async\" width=\"1024\" height=\"768\" data-id=\"4214\" src=\"https:\/\/www.aliaslenz.net\/news\/wp-content\/uploads\/2024\/06\/2024-06-19-15.08.38_IMG_9951-1024x768.jpg\" alt=\"\" class=\"wp-image-4214\" srcset=\"https:\/\/www.aliaslenz.net\/news\/wp-content\/uploads\/2024\/06\/2024-06-19-15.08.38_IMG_9951-1024x768.jpg 1024w, https:\/\/www.aliaslenz.net\/news\/wp-content\/uploads\/2024\/06\/2024-06-19-15.08.38_IMG_9951-300x225.jpg 300w, https:\/\/www.aliaslenz.net\/news\/wp-content\/uploads\/2024\/06\/2024-06-19-15.08.38_IMG_9951-768x576.jpg 768w, https:\/\/www.aliaslenz.net\/news\/wp-content\/uploads\/2024\/06\/2024-06-19-15.08.38_IMG_9951-1536x1152.jpg 1536w, https:\/\/www.aliaslenz.net\/news\/wp-content\/uploads\/2024\/06\/2024-06-19-15.08.38_IMG_9951-2048x1536.jpg 2048w, https:\/\/www.aliaslenz.net\/news\/wp-content\/uploads\/2024\/06\/2024-06-19-15.08.38_IMG_9951-940x705.jpg 940w, https:\/\/www.aliaslenz.net\/news\/wp-content\/uploads\/2024\/06\/2024-06-19-15.08.38_IMG_9951-400x300.jpg 400w\" sizes=\"auto, (max-width: 1024px) 100vw, 1024px\" \/><\/a><\/figure>\n\n\n\n<figure class=\"wp-block-image size-large\"><a href=\"https:\/\/www.aliaslenz.net\/news\/wp-content\/uploads\/2023\/10\/IMG_5446.jpg\" target=\"_blank\"><img loading=\"lazy\" decoding=\"async\" width=\"1024\" height=\"768\" data-id=\"3336\" src=\"https:\/\/www.aliaslenz.net\/news\/wp-content\/uploads\/2023\/10\/IMG_5446-1024x768.jpg\" alt=\"\" class=\"wp-image-3336\" srcset=\"https:\/\/www.aliaslenz.net\/news\/wp-content\/uploads\/2023\/10\/IMG_5446-1024x768.jpg 1024w, https:\/\/www.aliaslenz.net\/news\/wp-content\/uploads\/2023\/10\/IMG_5446-300x225.jpg 300w, https:\/\/www.aliaslenz.net\/news\/wp-content\/uploads\/2023\/10\/IMG_5446-768x576.jpg 768w, https:\/\/www.aliaslenz.net\/news\/wp-content\/uploads\/2023\/10\/IMG_5446-1536x1152.jpg 1536w, https:\/\/www.aliaslenz.net\/news\/wp-content\/uploads\/2023\/10\/IMG_5446-2048x1536.jpg 2048w, https:\/\/www.aliaslenz.net\/news\/wp-content\/uploads\/2023\/10\/IMG_5446-940x705.jpg 940w, https:\/\/www.aliaslenz.net\/news\/wp-content\/uploads\/2023\/10\/IMG_5446-400x300.jpg 400w\" sizes=\"auto, (max-width: 1024px) 100vw, 1024px\" \/><\/a><\/figure>\n\n\n\n<figure class=\"wp-block-image size-large\"><a href=\"https:\/\/www.aliaslenz.net\/news\/wp-content\/uploads\/2023\/10\/IMG_5442.jpg\" target=\"_blank\"><img loading=\"lazy\" decoding=\"async\" width=\"1024\" height=\"768\" data-id=\"3335\" src=\"https:\/\/www.aliaslenz.net\/news\/wp-content\/uploads\/2023\/10\/IMG_5442-1024x768.jpg\" alt=\"\" class=\"wp-image-3335\" srcset=\"https:\/\/www.aliaslenz.net\/news\/wp-content\/uploads\/2023\/10\/IMG_5442-1024x768.jpg 1024w, https:\/\/www.aliaslenz.net\/news\/wp-content\/uploads\/2023\/10\/IMG_5442-300x225.jpg 300w, https:\/\/www.aliaslenz.net\/news\/wp-content\/uploads\/2023\/10\/IMG_5442-768x576.jpg 768w, https:\/\/www.aliaslenz.net\/news\/wp-content\/uploads\/2023\/10\/IMG_5442-1536x1152.jpg 1536w, https:\/\/www.aliaslenz.net\/news\/wp-content\/uploads\/2023\/10\/IMG_5442-2048x1536.jpg 2048w, https:\/\/www.aliaslenz.net\/news\/wp-content\/uploads\/2023\/10\/IMG_5442-940x705.jpg 940w, https:\/\/www.aliaslenz.net\/news\/wp-content\/uploads\/2023\/10\/IMG_5442-400x300.jpg 400w\" sizes=\"auto, (max-width: 1024px) 100vw, 1024px\" \/><\/a><\/figure>\n\n\n\n<figure class=\"wp-block-image size-large\"><a href=\"https:\/\/www.aliaslenz.net\/news\/wp-content\/uploads\/2024\/05\/2024-05-22-15.20.49_IMG_9190.jpg\" target=\"_blank\"><img loading=\"lazy\" decoding=\"async\" width=\"1024\" height=\"768\" data-id=\"4117\" src=\"https:\/\/www.aliaslenz.net\/news\/wp-content\/uploads\/2024\/05\/2024-05-22-15.20.49_IMG_9190-1024x768.jpg\" alt=\"\" class=\"wp-image-4117\" srcset=\"https:\/\/www.aliaslenz.net\/news\/wp-content\/uploads\/2024\/05\/2024-05-22-15.20.49_IMG_9190-1024x768.jpg 1024w, https:\/\/www.aliaslenz.net\/news\/wp-content\/uploads\/2024\/05\/2024-05-22-15.20.49_IMG_9190-300x225.jpg 300w, https:\/\/www.aliaslenz.net\/news\/wp-content\/uploads\/2024\/05\/2024-05-22-15.20.49_IMG_9190-768x576.jpg 768w, https:\/\/www.aliaslenz.net\/news\/wp-content\/uploads\/2024\/05\/2024-05-22-15.20.49_IMG_9190-1536x1152.jpg 1536w, https:\/\/www.aliaslenz.net\/news\/wp-content\/uploads\/2024\/05\/2024-05-22-15.20.49_IMG_9190-2048x1536.jpg 2048w, https:\/\/www.aliaslenz.net\/news\/wp-content\/uploads\/2024\/05\/2024-05-22-15.20.49_IMG_9190-940x705.jpg 940w, https:\/\/www.aliaslenz.net\/news\/wp-content\/uploads\/2024\/05\/2024-05-22-15.20.49_IMG_9190-400x300.jpg 400w\" sizes=\"auto, (max-width: 1024px) 100vw, 1024px\" \/><\/a><\/figure>\n\n\n\n<figure class=\"wp-block-image size-large\"><a href=\"https:\/\/www.aliaslenz.net\/news\/wp-content\/uploads\/2024\/11\/13-48-15_IMG_3935.jpg\" target=\"_blank\"><img loading=\"lazy\" decoding=\"async\" width=\"1024\" height=\"768\" data-id=\"4611\" src=\"https:\/\/www.aliaslenz.net\/news\/wp-content\/uploads\/2024\/11\/13-48-15_IMG_3935-1024x768.jpg\" alt=\"\" class=\"wp-image-4611\" srcset=\"https:\/\/www.aliaslenz.net\/news\/wp-content\/uploads\/2024\/11\/13-48-15_IMG_3935-1024x768.jpg 1024w, https:\/\/www.aliaslenz.net\/news\/wp-content\/uploads\/2024\/11\/13-48-15_IMG_3935-300x225.jpg 300w, https:\/\/www.aliaslenz.net\/news\/wp-content\/uploads\/2024\/11\/13-48-15_IMG_3935-768x576.jpg 768w, https:\/\/www.aliaslenz.net\/news\/wp-content\/uploads\/2024\/11\/13-48-15_IMG_3935-1536x1152.jpg 1536w, https:\/\/www.aliaslenz.net\/news\/wp-content\/uploads\/2024\/11\/13-48-15_IMG_3935-2048x1536.jpg 2048w, https:\/\/www.aliaslenz.net\/news\/wp-content\/uploads\/2024\/11\/13-48-15_IMG_3935-940x705.jpg 940w, https:\/\/www.aliaslenz.net\/news\/wp-content\/uploads\/2024\/11\/13-48-15_IMG_3935-400x300.jpg 400w\" sizes=\"auto, (max-width: 1024px) 100vw, 1024px\" \/><\/a><\/figure>\n\n\n\n<figure class=\"wp-block-image size-large\"><a href=\"https:\/\/www.aliaslenz.net\/news\/wp-content\/uploads\/2024\/07\/2024-07-03-08.29.13_IMG_0404.jpg\" target=\"_blank\"><img loading=\"lazy\" decoding=\"async\" width=\"1024\" height=\"768\" data-id=\"4273\" src=\"https:\/\/www.aliaslenz.net\/news\/wp-content\/uploads\/2024\/07\/2024-07-03-08.29.13_IMG_0404-1024x768.jpg\" alt=\"\" class=\"wp-image-4273\" srcset=\"https:\/\/www.aliaslenz.net\/news\/wp-content\/uploads\/2024\/07\/2024-07-03-08.29.13_IMG_0404-1024x768.jpg 1024w, https:\/\/www.aliaslenz.net\/news\/wp-content\/uploads\/2024\/07\/2024-07-03-08.29.13_IMG_0404-300x225.jpg 300w, https:\/\/www.aliaslenz.net\/news\/wp-content\/uploads\/2024\/07\/2024-07-03-08.29.13_IMG_0404-768x576.jpg 768w, https:\/\/www.aliaslenz.net\/news\/wp-content\/uploads\/2024\/07\/2024-07-03-08.29.13_IMG_0404-1536x1152.jpg 1536w, https:\/\/www.aliaslenz.net\/news\/wp-content\/uploads\/2024\/07\/2024-07-03-08.29.13_IMG_0404-2048x1536.jpg 2048w, https:\/\/www.aliaslenz.net\/news\/wp-content\/uploads\/2024\/07\/2024-07-03-08.29.13_IMG_0404-940x705.jpg 940w, https:\/\/www.aliaslenz.net\/news\/wp-content\/uploads\/2024\/07\/2024-07-03-08.29.13_IMG_0404-400x300.jpg 400w\" sizes=\"auto, (max-width: 1024px) 100vw, 1024px\" \/><\/a><\/figure>\n\n\n\n<figure class=\"wp-block-image size-large\"><a href=\"https:\/\/www.aliaslenz.net\/news\/wp-content\/uploads\/2024\/11\/15-04-51_IMG_3956.jpg\" target=\"_blank\"><img loading=\"lazy\" decoding=\"async\" width=\"1024\" height=\"768\" data-id=\"4615\" src=\"https:\/\/www.aliaslenz.net\/news\/wp-content\/uploads\/2024\/11\/15-04-51_IMG_3956-1024x768.jpg\" alt=\"\" class=\"wp-image-4615\" srcset=\"https:\/\/www.aliaslenz.net\/news\/wp-content\/uploads\/2024\/11\/15-04-51_IMG_3956-1024x768.jpg 1024w, https:\/\/www.aliaslenz.net\/news\/wp-content\/uploads\/2024\/11\/15-04-51_IMG_3956-300x225.jpg 300w, https:\/\/www.aliaslenz.net\/news\/wp-content\/uploads\/2024\/11\/15-04-51_IMG_3956-768x576.jpg 768w, https:\/\/www.aliaslenz.net\/news\/wp-content\/uploads\/2024\/11\/15-04-51_IMG_3956-1536x1152.jpg 1536w, https:\/\/www.aliaslenz.net\/news\/wp-content\/uploads\/2024\/11\/15-04-51_IMG_3956-2048x1536.jpg 2048w, https:\/\/www.aliaslenz.net\/news\/wp-content\/uploads\/2024\/11\/15-04-51_IMG_3956-940x705.jpg 940w, https:\/\/www.aliaslenz.net\/news\/wp-content\/uploads\/2024\/11\/15-04-51_IMG_3956-400x300.jpg 400w\" sizes=\"auto, (max-width: 1024px) 100vw, 1024px\" \/><\/a><\/figure>\n\n\n\n<figure class=\"wp-block-image size-large\"><a href=\"https:\/\/www.aliaslenz.net\/news\/wp-content\/uploads\/2025\/01\/15-31-59-25-01-29-IMG_5111.jpg\" target=\"_blank\"><img loading=\"lazy\" decoding=\"async\" width=\"1024\" height=\"796\" data-id=\"4753\" src=\"https:\/\/www.aliaslenz.net\/news\/wp-content\/uploads\/2025\/01\/15-31-59-25-01-29-IMG_5111-1024x796.jpg\" alt=\"\" class=\"wp-image-4753\" srcset=\"https:\/\/www.aliaslenz.net\/news\/wp-content\/uploads\/2025\/01\/15-31-59-25-01-29-IMG_5111-1024x796.jpg 1024w, https:\/\/www.aliaslenz.net\/news\/wp-content\/uploads\/2025\/01\/15-31-59-25-01-29-IMG_5111-300x233.jpg 300w, https:\/\/www.aliaslenz.net\/news\/wp-content\/uploads\/2025\/01\/15-31-59-25-01-29-IMG_5111-768x597.jpg 768w, https:\/\/www.aliaslenz.net\/news\/wp-content\/uploads\/2025\/01\/15-31-59-25-01-29-IMG_5111-1536x1195.jpg 1536w, https:\/\/www.aliaslenz.net\/news\/wp-content\/uploads\/2025\/01\/15-31-59-25-01-29-IMG_5111-2048x1593.jpg 2048w, https:\/\/www.aliaslenz.net\/news\/wp-content\/uploads\/2025\/01\/15-31-59-25-01-29-IMG_5111-940x731.jpg 940w, https:\/\/www.aliaslenz.net\/news\/wp-content\/uploads\/2025\/01\/15-31-59-25-01-29-IMG_5111-400x311.jpg 400w\" sizes=\"auto, (max-width: 1024px) 100vw, 1024px\" \/><\/a><\/figure>\n<\/figure>\n\n\n\n<p>Bien que des cyclistes de la section de Faucogney ont \u00e9prouv\u00e9 du succ\u00e8s en comp\u00e9tition et ont progress\u00e9 aux p\u00f4les sportifs r\u00e9gionaux et nationaux, la comp\u00e9tition n\u2019est pas le seul objet de la section. Chacun\/e se d\u00e9veloppe dans un milieu qui r\u00e9unit des \u00e9l\u00e8ves et des professeurs, des enfants de 11 \u00e0 15 ans et des adultes, dans un environnement naturel exceptionnel et dans un esprit de solidarit\u00e9. Le parcours fait l\u2019entra\u00eenement.<\/p>\n\n\n\n<p><a href=\"https:\/\/www.ffc-bfc.fr\/actualite\/la-section-sportive-du-college-de-faucogney-et-la-mer-70-recrute\">https:\/\/www.ffc-bfc.fr\/actualite\/la-section-sportive-du-college-de-faucogney-et-la-mer-70-recrute<\/a><\/p>\n\n\n\n<p>Nos routes fr\u00e9quent\u00e9es par le Tour de France, le Tour de France Femmes, le Tour d\u2019Alsace et le Tour d\u2019Avenir<\/p>\n\n\n\n<ul class=\"wp-block-list\">\n<li>Ballon d\u2019Alsace<\/li>\n\n\n\n<li>Planche des Belles Filles<\/li>\n\n\n\n<li>La Chevestraye<\/li>\n\n\n\n<li>Col des Chevr\u00e8res<\/li>\n\n\n\n<li>Col des Croix<\/li>\n\n\n\n<li>Esmouli\u00e8res<\/li>\n\n\n\n<li>Col du Mont de Fourche<\/li>\n\n\n\n<li>Ballon de Servance<\/li>\n<\/ul>\n\n\n\n<p>Coll\u00e8ge Duplessis-Deville est un Coll\u00e8ge Public affili\u00e9 de l\u2019Acad\u00e9mie de Besan\u00e7on, Zone A<br><a href=\"https:\/\/www.onisep.fr\/ressources\/structures-enseignement\/bourgogne-franche-comte\/haute-saone\/college-duplessis-deville\">https:\/\/www.onisep.fr\/ressources\/structures-enseignement\/bourgogne-franche-comte\/haute-saone\/college-duplessis-deville<\/a><\/p>\n\n\n\n<p>Cette page d\u2019information est l\u2019initiative de Lenz Haring, membre de la section cyclisme 2021-25<\/p>\n\n\n\n<p><\/p>\n","protected":false},"excerpt":{"rendered":"<p>En 2021, Rudy Cara m&#8217;a introduit \u00e0 la section cyclisme du coll\u00e8ge de Faucogney, qu&#8217;il avait initi\u00e9 en 2015. Cette ann\u00e9e est d\u00e9j\u00e0 ma derni\u00e8re de coll\u00e8ge. Ayant convaincu ma famille \u00e0 d\u00e9m\u00e9nager de Londres \u00e0 Faucogney, je suis \u00e0 la fois le cycliste qui vient du plus loin et qui habite le plus proche.&#46;&#46;&#46;<\/p>\n","protected":false},"author":1,"featured_media":0,"parent":0,"menu_order":0,"comment_status":"closed","ping_status":"closed","template":"","meta":{"footnotes":""},"class_list":["post-4919","page","type-page","status-publish","hentry"],"_links":{"self":[{"href":"https:\/\/www.aliaslenz.net\/news\/index.php?rest_route=\/wp\/v2\/pages\/4919","targetHints":{"allow":["GET"]}}],"collection":[{"href":"https:\/\/www.aliaslenz.net\/news\/index.php?rest_route=\/wp\/v2\/pages"}],"about":[{"href":"https:\/\/www.aliaslenz.net\/news\/index.php?rest_route=\/wp\/v2\/types\/page"}],"author":[{"embeddable":true,"href":"https:\/\/www.aliaslenz.net\/news\/index.php?rest_route=\/wp\/v2\/users\/1"}],"replies":[{"embeddable":true,"href":"https:\/\/www.aliaslenz.net\/news\/index.php?rest_route=%2Fwp%2Fv2%2Fcomments&post=4919"}],"version-history":[{"count":6,"href":"https:\/\/www.aliaslenz.net\/news\/index.php?rest_route=\/wp\/v2\/pages\/4919\/revisions"}],"predecessor-version":[{"id":4929,"href":"https:\/\/www.aliaslenz.net\/news\/index.php?rest_route=\/wp\/v2\/pages\/4919\/revisions\/4929"}],"wp:attachment":[{"href":"https:\/\/www.aliaslenz.net\/news\/index.php?rest_route=%2Fwp%2Fv2%2Fmedia&parent=4919"}],"curies":[{"name":"wp","href":"https:\/\/api.w.org\/{rel}","templated":true}]}}